20
Calculate the greatest common factor of 49436658 and 90.
18
Calculate the greatest common factor of 589757 and 985201.
3409
What is the highest common factor of 47 and 220121257?
47
Calculate the greatest common factor of 23221080 and 1458.
486
Calculate the highest common factor of 222221 and 24053.
359
What is the greatest common divisor of 2223 and 472567563?
2223
What is the greatest common factor of 308 and 73781708?
308
What is the greatest common divisor of 193356 and 67884?
12
Calculate the highest common divisor of 128786 and 201173.
7
What is the greatest common divisor of 176628550 and 70?
70
What is the highest common factor of 41921 and 74756?
11
Calculate the greatest common divisor of 9 and 150156039.
3
Calculate the greatest common factor of 17533 and 2879061.
89
Calculate the greatest common divisor of 1846 and 2022506.
142
Calculate the highest common divisor of 6607168 and 160.
32
Calculate the greatest common factor of 836 and 669512.
4
Calculate the greatest common factor of 161790282 and 934.
934
Calculate the greatest common divisor of 1118334 and 4074.
42
Calculate the greatest common factor of 433798015 and 445.
445
Calculate the greatest common factor of 117 and 4498335.
9
Calculate the greatest common divisor of 1105250 and 20000.
250
What is the greatest common divisor of 5687046 and 155124?
2502
What is the greatest common factor of 39795976 and 132?
44
What is the greatest common factor of 8491 and 3639?
1213
What is the greatest common divisor of 140 and 15127210?
70
What is the greatest common factor of 2040930 and 2970?
270
What is the highest common divisor of 3271250 and 850?
50
What is the greatest common factor of 5382789 and 92891?
4889
Calculate the highest common divisor of 2752 and 143620.
172
What is the greatest common factor of 4403 and 50309?
7
What is the highest common divisor of 238 and 224602?
14
What is the highest common divisor of 51 and 18095888?
17
What is the highest common factor of 64 and 797987648?
64
Calculate the highest common factor of 42091677 and 20655.
459
Calculate the greatest common factor of 90932 and 304292.
508
Calculate the greatest common divisor of 7050778 and 1759245.
6899
Calculate the greatest common factor of 634414396 and 42.
14
Calculate the greatest common factor of 739869 and 124501.
793
What is the highest common divisor of 76230 and 1022?
14
Calculate the highest common divisor of 770623515 and 4230.
2115
Calculate the highest common divisor of 181980295 and 14.
7
What is the highest common factor of 15961361 and 13?
13
Calculate the greatest common divisor of 553 and 296215556.
553
Calculate the highest common factor of 28433 and 6.
1
What is the highest common divisor of 11 and 17088412?
11
What is the highest common divisor of 110 and 4479750?
110
What is the highest common factor of 9092624 and 64?
16
Calculate the highest common factor of 43645797 and 3893.
229
Calculate the greatest common divisor of 324 and 503091.
81
Calculate the highest common factor of 909739 and 2641.
19
Calculate the highest common factor of 218779 and 18733.
11
What is the highest common divisor of 14706 and 3187440?
342
What is the greatest common factor of 303406455 and 93?
93
Calculate the highest common factor of 4334 and 26127322.
394
Calculate the greatest common divisor of 628543 and 3396.
283
What is the greatest common factor of 145 and 260909201?
29
Calculate the highest common divisor of 660 and 577891875.
165
What is the greatest common factor of 210 and 45408930?
210
Calculate the highest common divisor of 27003895 and 3515.
185
Calculate the greatest common divisor of 1331110601 and 3373.
3373
Calculate the greatest common factor of 69 and 315425887.
23
What is the highest common factor of 5226 and 20946042?
78
What is the highest common factor of 44 and 72013898?
22
Calculate the highest common divisor of 107472 and 3390.
6
What is the highest common divisor of 156486165 and 165?
165
What is the highest common factor of 9555 and 60411?
39
What is the highest common divisor of 104631310 and 20190?
6730
What is the highest common factor of 16 and 7131024?
16
What is the highest common factor of 895 and 15130?
5
What is the highest common factor of 3528 and 439536?
24
What is the greatest common factor of 10716 and 41100?
12
Calculate the highest common divisor of 88656 and 2212706.
3694
What is the greatest common divisor of 43537032 and 234?
18
What is the greatest common factor of 1005061 and 10481?
223
What is the highest common factor of 10850350 and 20?
10
What is the highest common factor of 1100 and 9686842?
22
Calculate the highest common factor of 147 and 361809.
21
What is the greatest common factor of 79090 and 1430?
110
What is the greatest common divisor of 13052516 and 116?
4
Calculate the greatest common divisor of 86663 and 296250.
79
What is the greatest common divisor of 1972223182 and 7958?
7958
Calculate the highest common factor of 105 and 1746017280.
105
What is the highest common divisor of 2949500 and 4000?
500
Calculate the greatest common divisor of 687227 and 198677.
3257
Calculate the highest common divisor of 2542010 and 8398.
646
What is the greatest common divisor of 37380 and 702870?
210
Calculate the greatest common factor of 824960998 and 4742.
4742
What is the highest common factor of 193830 and 361725?
1365
What is the highest common factor of 5181 and 1745390823?
5181
Calculate the greatest common factor of 70998492 and 35871.
3261
Calculate the greatest common factor of 209264 and 261.
29
Calculate the highest common factor of 56 and 8375976.
56
What is the greatest common divisor of 6911465 and 265?
265
Calculate the highest common factor of 57246 and 2841594.
1218
Calculate the highest common factor of 60 and 136018.
2
Calculate the greatest common factor of 662796 and 41004.
612
What is the greatest common divisor of 5344569 and 270?
27
What is the highest common divisor of 661 and 244261313?
661
Calculate the greatest common factor of 726699440 and 60.
20
What is the greatest common factor of 1504685 and 133?
7
Calculate the highest common divisor of 1352380 and 3140.
20
Calculate the greatest common factor of 335975223 and 141.
141
Calculate the highest common factor of 1616 and 9895475.
101
Calculate the greatest common divisor of 641074 and 486388.
406
Calculate the highest common divisor of 1616 and 4850929.
101
What is the highest common divisor of 12 and 4508146596?
12
Calculate the highest common factor of 95836039 and 3393.
377
Calculate the greatest common factor of 1266912 and 371.
53
Calculate the greatest common factor of 2675 and 780600.
25
Calculate the greatest common factor of 151910193 and 276.
69
What is the highest common divisor of 2723 and 127319311?
2723
What is the greatest common factor of 4360 and 871000?
40
What is the highest common divisor of 8709200 and 520?
40
Calculate the highest common factor of 707 and 192031.
7
Calculate the greatest common factor of 14055 and 449093793.
2811
Calculate the highest common divisor of 1710 and 255246.
114
What is the highest common divisor of 48546416 and 12?
4
What is the greatest common divisor of 122577760 and 2680?
40
What is the highest common divisor of 3226747 and 6575?
263
Calculate the highest common factor of 35680 and 845.
5
What is the greatest common factor of 1282275 and 31775?
1025
What is the highest common divisor of 224224 and 14364896?
2912
What is the greatest common divisor of 6165584 and 176707?
2129
What is the greatest common factor of 63 and 289656?
9
Calculate the highest common divisor of 10528310 and 533.
13
Calculate the highest common factor of 31936 and 623750.
998
Calculate the greatest common divisor of 506 and 4955940.
22
Calculate the greatest common factor of 83316 and 422868.
1572
What is the highest common divisor of 19216592 and 1264?
1264
What is the greatest common factor of 266953941 and 918?
459
What is the greatest common factor of 1811849 and 7171?
71
Calculate the greatest common factor of 3645 and 358648317.
729
What is the highest common factor of 1095536 and 18778?
458
What is the highest common factor of 26688 and 4588608?
192
Calculate the greatest common factor of 15753 and 812214.
267
What is the highe